496/6)/((-4)/f). Suppose 4*i = t + 28. Is i a composite number?
True
Suppose 0 = 2*b + 2*b + 812. Let v = -88 - b. Is v composite?
True
Suppose -4*j = -2*j - 6. Is (-1)/j + 20/6 a composite number?
False
Let x = -853 + 1532. Is x a prime number?
False
Suppose 2*d + 5*r - 13 = 0, -5*r - 63 = 2*d - 4*d. Is d a composite number?
False
Let r = -13 - -22. Let n be 0/(r/(-3)) + 3. Suppose -n*u - 4*g + 23 = -3, 0 = -4*u - g + 26. Is u prime?
False
Suppose -q = 4*o - 6*o - 20, -60 = -3*q + o. Is q/130 - 1883/(-13) prime?
False
Suppose 4*k = -3*v - 39, -4*v + v + 15 = -5*k. Is (-870)/(-12) + k/4 prime?
True
Let o be (-1)/(-2)*(7 - 7). Let m = 6 + o. Is m a prime number?
False
Suppose 2*k - 1240 = 3*y, 4*y = -3*k + 1688 + 206. Is k a composite number?
True
Let v(q) = q**3 - q + 4. Let t be v(0). Suppose 0 = t*h + u - 313, 2*u - 138 = -2*h + 26. Is h composite?
True
Suppose -141 + 361 = q. Let o(a) = a + 1. Let p be o(2). Suppose -q = -f - p*f. Is f a composite number?
True
Let j = -2 - -2. Suppose j = k + 5*y - y - 373, 2*k - 2*y = 746. Is k prime?
True
Suppose -3*z - r = 2*z - 1102, -5*r + 1090 = 5*z. Is z prime?
False
Suppose 0 = 2*t + 2*t + 12. Let l = t - -14. Is l prime?
True
Let k be 754/7 - 12/(-42). Let h = -55 + k. Is h prime?
True
Let r be 7*34*1/(-1). Let w = 779 + r. Is w composite?
False
Suppose 5*t = 4*q + 647, -q + 239 = 2*t + 4*q. Is t prime?
True
Let j(s) = -s**3 + s**2 + 1337. Is j(0) a prime number?
False
Suppose 0 = 4*d - 4. Let r be (-1 - -1) + d + 100. Let o = r - 54. Is o a composite number?
False
Is 4/18 - 103116/(-108) composite?
True
Let p be 75/4 + 2/8. Let b = 44 + -15. Let n = b - p. Is n a prime number?
False
Suppose -2*l + 3*k = -2*k + 21, 3*l - 1 = k. Suppose -l*m = m - 66. Suppose -c = -m - 0. Is c a composite number?
True
Suppose 0 = 2*c - 6*c. Is 13 - c/(2 + -3) a prime number?
True
Let o = -1470 + 3041. Is o prime?
True
Let q(c) = -31*c + 66. Is q(-8) composite?
True
Suppose -8812 = -8*h + 4*h. Is h prime?
True
Suppose 5*o + k = 8469, 6*o + 2*k = 4*o + 3394. Is o prime?
True
Suppose 30*i = 32*i - 838. Is i a composite number?
False
Let y be (12/10)/(8/20). Suppose 89 - 8 = y*t. Let o = 10 + t. Is o a prime number?
True
Suppose -2*q = 3*i - 62, 4*i + 5*q = i + 56. Is i a prime number?
False
Let y(w) = w**3 - w + 89. Let v = 1 + -1. Is y(v) a prime number?
True
Let x be 0 - 9/(-5 + 2). Is (x + -4)/((-1)/31) a prime number?
True
Suppose 3*s - 153 = 189. Suppose -3*h - s = -585. Is h a composite number?
False
Let u be (-4)/3*(4 + -1). Is 2 + -250*2/u a composite number?
False
Suppose 0 = 5*q - 8*s + 3*s - 13160, -3 = -3*s. Is q composite?
False
Let f = 450 + -155. Is f composite?
True
Let r(s) = 5*s + 2. Let x be r(3). Let a = 36 - 6. Let t = x + a. Is t prime?
True
Suppose -3*s = c - 51, -4*c + 2*s + 47 + 115 = 0. Let z = c + -21. Let f = z - -10. Is f a composite number?
False
Let b(c) = 12*c**2 + 14*c - 16. Is b(-11) composite?
True
Suppose -x - 2 = -2*x. Suppose h - 5*k = 228, -4*k + 9*k = x*h - 451. Is h composite?
False
Let f(z) = -z**3 + 5*z**2 + 7*z - 7. Let j be f(6). Is (0 + j)*(-114)/2 composite?
True
Let k be 3 + -2 - (-1 - 1). Suppose 2*j = k*j - 118. Suppose 267 = 5*w - j. Is w prime?
False
Let n(q) be the second derivative of -q**5/20 - q**4/12 + q**3/2 - 3*q**2/2 - 2*q. Let z be n(-3). Is 2/z - (-112)/6 prime?
True
Let j(a) = a**3 - 6*a**2 + 4*a + 3. Let o be j(6). Suppose d - 5*s = o, -2*s + 5*s = 3*d - 21. Suppose 4*i = 3*v - 164 - 47, 2*i = -d*v + 136. Is v composite?
True
Let z(p) = 3*p**3 - 12*p**2 + 2*p - 2. Let g(b) = b**3 - b**2 - b. Let d(s) = -2*g(s) + z(s). Is d(10) composite?
True
Is 131 - -10 - (-1 + -3) a prime number?
False
Let v be 1 - 3/(-5 + 2). Is (-1252)/(-36) - v/(-9) a composite number?
True
Let d(j) = 175*j + 46. Is d(7) composite?
True
Is (58/(-4))/(1/(-38)) a prime number?
False
Suppose 0*m - 1380 = 5*m. Is m/(0 - 3) + 1 a prime number?
False
Let v = 9 + -6. Suppose 4*u - 3 = v*u. Suppose -u*i + 4*i + 3*a - 3 = 0, 0 = -3*i + 4*a + 61. Is i composite?
True
Let s(t) = -11*t**2 - 2*t - 1. Let z be s(-1). Let l = z - -16. Is l a composite number?
True
Is 2/6 - 4288/(-24) prime?
True
Let y = -24 - -19. Let b = 16 + y. Is b a composite number?
False
Suppose 8 = 4*h - 4. Let v be h/(6/(-2))*0. Is 5*((-2 - v) + 7) a prime number?
False
Let y = 12 - 5. Let t(d) = 3*d - 4. Let w be t(y). Suppose j = -w + 52. Is j a composite number?
True
Let v(p) = p**2 - 6*p - 3. Let o be v(7). Suppose -6*y = -2*y + o. Is ((-57)/(-6))/y*-2 a prime number?
True
Suppose -8*g + 7699 + 5797 = 0. Is g composite?
True
Let z = -8 + 13. Let p(i) = 28*i + 3. Let o(c) = -56*c - 6. Let m(a) = z*p(a) + 2*o(a). Is m(4) prime?
False
Let i(w) = 22*w + 18. Is i(8) prime?
False
Let t(r) = 3*r**2 - r - 2. Let q(d) = d + 1. Let y(i) = -4*q(i) - t(i). Let f be y(-2). Let b(n) = -2*n - 3. Is b(f) composite?
False
Let k(a) = -a - 3. Let r be k(-5). Is 49 + (2 - r) + 0 prime?
False
Suppose 0 = -a - 7 + 22. Suppose 0 = -3*i + a, 35 = 2*h + h + 4*i. Is 2*1 - (-4 - h) prime?
True
Suppose 4*u - 76 = 64. Is u composite?
True
Suppose -2700 = 5*m + 4*k - 2*k, 0 = 4*m + 2*k + 2160. Let f = 1073 + m. Is f a prime number?
False
Let j(z) = 152*z**3 - z**2 + 3*z - 5. Is j(2) composite?
False
Suppose -4*u + 1925 = -563. Is u composite?
True
Is ((-69)/(-9))/(3/63) composite?
True
Let r be (0 + -2)*(-7)/2. Let d(c) = 3*c + 4. Let v be d(r). Let j = 44 - v. Is j prime?
True
Let c(l) = l**2 + 6*l - 35. Let y be c(-15). Let z be 1 - -67 - (-2 + 1). Let i = y - z. Is i prime?
True
Suppose -m + 5*h + 199 = -71, 4*h = 2*m - 516. Suppose -c - m + 647 = 0. Is c composite?
False
Suppose -37 = -5*p - g - 2*g, -p - 2*g + 6 = 0. Is ((-4)/p)/((-1)/316) a prime number?
False
Let w(u) = 38*u - 1. Suppose 0 = -5*l + 5*r + 45, 2*r - 23 = -3*l + r. Suppose -5*y + 7 + l = 0. Is w(y) composite?
False
Let i = 622 + 33. Is i prime?
False
Let t(j) = j - 42. Let b be t(0). Let v = -3 - -14. Let z = v - b. Is z composite?
False
Suppose 0 = -i + 2*z + 9, -23 = 2*i + i + 4*z. Let y = 53 + i. Is y/(-12)*(-3)/1 a prime number?
True
Let g = -18 - 69. Let b = -22 - g. Is b composite?
True
Let u be 292 + (-1 + 0)*1. Suppose 2*q = 5*q - u. Is q a prime number?
True
Let i(z) = 116*z**2 + z. Is i(-1) prime?
False
Let p = -332 - -711. Is p a composite number?
False
Suppose 5*k = 3*t - 2*t + 102, 3*t = 5*k - 106. Let a = 26 + k. Is a a prime number?
False
Suppose -2*l - 1 = -l. Let k be 10 + l - (-8)/(-8). Suppose 4*y = 48 + k. Is y a prime number?
False
Let w(l) be the second derivative of 13*l**3/6 - l**2 - l. Suppose -o - 5*p = 22, 0 = o - 2*p - 14 + 1. Is w(o) composite?
False
Suppose 5*w - 42 = -17. Suppose -w*h + 245 = -0*h. Is h a composite number?
True
Suppose -3*q + 2*n = -16, -4*q = n - 8 - 6. Suppose -x - 60 = q*x. Let i = 101 + x. Is i a composite number?
False
Suppose 9*i - 19533 = 1428. Is i a composite number?
True
Suppose 0 = o + 2*o. Suppose o = -4*c + 15 + 1, -u - c + 6 = 0. Let n(y) = 11*y - 3. Is n(u) composite?
False
Suppose -a - 4*q = -2*q - 9, 2*a - 2*q = 0. Suppose 6 = -2*y - y, 0 = 3*n + a*y. Suppose n*l + 2*l = 580. Is l composite?
True
Let j(m) = m**2 + m. Let x(y) be the third derivative of y**5/15 + y**3/2 + 3*y**2. Let p(u) = -j(u) + x(u). Is p(-8) prime?
False
Let h = -4395 + 6848. Is h prime?
False
Is ((-955)/10)/((-2)/4) composite?
False
Let v = 5 - 3. Is 13/(-3)*-3*v a prime number?
False
Let v(j) = j - 3. Let y be v(-7). Let t = 25 + y. Suppose 0 = -2*l + n + 380, l - t - 184 = -4*n. Is l a composite number?
False
Let o(x) = x**3 + 5*x**2 - 5*x + 8. Let w be o(-6). Let m(j) = j**2 - j + 1. Let f be m(w). Suppose v + f*v - 188 = 0. Is v a prime number?
True
Suppose -6044 = -10*p + 2466. Is p a prime number?
False
Let i be (-1)/3 - 48/(-9). Suppose -g = 2*s + 17, 0 = i*s - g - 2*g + 48. Let c = s - -13. Is c composite?
True
Let c = -4 + 6. Let k be c/5 - (-4)/(-10). Suppose k = 5*r - r - 196. Is r a composite number?
True
Let a be (16/(-10))/((-2)/55). Let m = a - -83. Is m a composite number?
False
Let k(i) = -i**2 + 34*i + 4. Is k(17) composite?
False
Suppose 3*h + 0*h = 5*l - 2459, 0 = 5*l + 2*h - 2469. Is l prime?
False
Suppose 2*k - 7200 = -s - s, 0 = 4*s - 2*k - 14370. Is s prime?
False
Let c be (-1101)/(-9) - 1/3. Let w = -65 + c. Is w 